d = -725 + n. What are the prime factors of d?
433
Let z be 4/(24/(-4518)) + -3. Let s = -29 - -47. List the prime factors of ((z/6)/(-6))/(2/s).
3, 7
Suppose 0 = 5*k - k + 4, h + 5*k - 12014 = 0. Suppose -18*j + h = -j. What are the prime factors of j?
7, 101
Let z(c) = -3*c**2 - 3515 + 1755 + 1098*c**3 + 1762. What are the prime factors of z(1)?
1097
Let u(g) = 207*g**2 - 33*g - 31. List the prime factors of u(8).
12953
Let z = -22 + 24. Suppose -z*g + d = -d + 192, 3*g = 5*d - 280. Let p = 195 + g. List the prime factors of p.
5, 19
Suppose -114*f + 214*f - 3331700 = 0. List the prime factors of f.
33317
Suppose -341 = -s + 62. Let r = s - 99. What are the prime factors of r?
2, 19
What are the prime factors of 53 - 17 - (1 + -1 + -6)?
2, 3, 7
Let o = 466 + -802. List the prime factors of ((-3504)/120)/(o/165 - -2).
11, 73
Suppose s + s - 39108 = -2*d, 4*d - 58666 = -3*s. Suppose -61*n + s = -44*n. What are the prime factors of n?
2, 5, 23
Let g(z) = 2946*z - 9663. List the prime factors of g(21).
3, 17401
Let v be 3/(30/4) + (-78)/(-130). What are the prime factors of 40/200*v*3505?
701
Let c(d) = -3*d**2 + 4*d + 6. Let f be c(-4). Let b be (4 - -371)/3 + 0. Let n = b + f. What are the prime factors of n?
67
List the prime factors of (-57 - (-55)/11)*-182.
2, 7, 13
What are the prime factors of (-84302)/(-4) + (-2870)/(-820)?
107, 197
Let p(x) = 26*x + 656. List the prime factors of p(-6).
2, 5
Let w be (2 + -2 - -3)/(-1 - -2). Suppose -998 = -w*p - d, d - 446 = -p - 112. List the prime factors of p.
2, 83
Let f be (-13086)/(-10)*(0 + 5). Suppose -c + 1631 = 5*p, -2*c - 2*c - p = -f. Suppose 230 = -19*w + c. What are the prime factors of w?
2, 37
Let x = -4455 + 2974. Let a = -979 - x. What are the prime factors of a/3 - (-2)/(-6)?
167
Suppose 51*b - 507616 = -28*b + 21*b. List the prime factors of b.
2, 547
Suppose -3*t = -4*t + n + 4, 16 = -5*t - 4*n. Suppose -5*a - 3*a = t. Suppose a = 4*m - 8*m + 480. List the prime factors of m.
2, 3, 5
Let g = -586 - -603. Suppose g*r = 4549 + 9068. List the prime factors of r.
3, 89
Let t(j) = 14*j**2 + j + 26. Suppose 0 = -2*o - 3*o - 0*o. Let x be o - (-3 - -7) - 0. List the prime factors of t(x).
2, 3, 41
Let b = -707 + 714. Suppose -2*w = 5*l - 2361, -12*w - 5*l = -b*w - 5880. List the prime factors of w.
3, 17, 23
Let j be (-520)/(-4)*(4 + 35/(-10)). Suppose -67*s = -j*s - 112. List the prime factors of s.
2, 7
Let o be (-8)/((-16)/1006) - -2. Suppose -4*w + m = -3*m - 676, -3*w + 4*m + o = 0. What are the prime factors of w?
3, 19
Let k = 17 - 17. Suppose k = -2*o - 4*y + 63 - 11, 0 = -o - 5*y + 20. Suppose 5*w = 2*w + o. List the prime factors of w.
2, 5
Let v(d) = 0*d + 3*d + 67 - 74 - 3*d + 3*d + d**3. What are the prime factors of v(4)?
3, 23
Let u(d) = d**2 - 10*d + 26. Let g be u(7). Suppose -632 = -3*v + g*x, 2*x - 15 - 417 = -2*v. What are the prime factors of v?
2, 107
Let k be -1 - -9 - (3 + -3 - 0). Let q = 13 - k. Suppose q*r - 212 = -z, z = -r + 32 + 8. List the prime factors of r.
43
Suppose 5*o = -28*p + 32*p + 197123, 0 = -o + 4*p + 39447. What are the prime factors of o?
39419
Suppose 0 = -2*k - 11*k + 52. Suppose 0 = 9*j - k*j - 1245. Let u = j + -98. List the prime factors of u.
151
Suppose 31590 = 3*d - 5*n, 47*n = 3*d + 45*n - 31581. What are the prime factors of d?
5, 421
Suppose 2*l + w - 58078 = 32495, -2*l + 3*w = -90585. List the prime factors of l.
2, 3, 17, 37
Let w(b) = 28*b**2 + 67*b - 167. List the prime factors of w(39).
2, 11, 23, 89
Let q(s) = s**2 - 11*s - 26. Let w be 164/12 + 2/(-3). Let k be q(w). Suppose 0 = 5*l - 3*v - 545, -4*l - l - v + 545 = k. What are the prime factors of l?
109
Let j be ((-22)/(-4))/((-109)/1090). Let c = j - -800. What are the prime factors of c?
5, 149
Let a = -72 + -79. Let x = a - -334. Let o = 298 - x. What are the prime factors of o?
5, 23
Let p(q) = -q**3 - 2*q**2 + q + 328. Suppose 0 = 9*x + 5*x. What are the prime factors of p(x)?
2, 41
Suppose -5 = b, 4*c - 165 = 2*b + 49. Suppose -z + 662 = 3*m, -m + z + 171 = -c. What are the prime factors of m?
13, 17
Let v = -22506 + 33988. List the prime factors of v.
2, 5741
Let s(x) = -17*x + 53. Let j be s(3). Suppose -j*c = -15*c + 3107. What are the prime factors of c?
239
Let x(w) = -340*w - 4999. List the prime factors of x(-50).
11, 1091
List the prime factors of (-1)/(-6) + 1350505/30 + (1 - -6).
2, 3, 7, 67
Let w(v) = 49*v**2 + 25*v. Suppose -41*m = -44*m - 6. List the prime factors of w(m).
2, 73
Let c = -137 - -139. Suppose 72 = 4*t - 4*o, 2*t + 3*t = c*o + 75. Suppose -4*d = i - 231, -9*d = -5*i - t*d + 1219. List the prime factors of i.
13, 19
Let g be 2 + (4 - ((-27)/(-1))/(-3)). Suppose -5*i + 7*w - 3*w + 17 = 0, -w + 2 = 0. Suppose c = 2*b + 38 + g, -2*b + 253 = i*c. List the prime factors of c.
3, 17
Let o(w) = -2*w + 32. Let u be o(18). Let s(i) = -i**3 - 3*i**2 + 4*i + 10. Let b be s(u). Let q(l) = -l**2 + 13*l - 9. List the prime factors of q(b).
3, 7
Suppose 22225*m + 17066 = 22227*m. List the prime factors of m.
7, 23, 53
Suppose 7*m + 5 = 19. Let y(g) = 2*g - 4*g + g**2 + 4*g**2 - 18 - 4*g**m. What are the prime factors of y(9)?
3, 5
Let r = 468 + -462. List the prime factors of 7/(42/(-12))*(-81)/r.
3
Let i = 223 - 241. Let q(z) = z**3 + 18*z**2 - 11*z - 43. List the prime factors of q(i).
5, 31
Suppose 2*b - 4*w + 27731 = 84239, -2*b - 3*w + 56459 = 0. List the prime factors of b.
2, 5, 353
Let x(k) = -k**3 + 5*k**2 - 5*k. Let u be x(2). Suppose -11 + 59 = -u*o. Let s = 54 - o. List the prime factors of s.
2, 3, 13
Suppose -20059 - 3905 = -6*h. List the prime factors of h.
2, 1997
Let q(f) be the third derivative of 293*f**4/24 - 5*f**3/6 - 14*f**2 - 2*f. List the prime factors of q(1).
2, 3
Let u(p) = 1583*p - 36. Let z be u(3). Suppose 1749 = -12*f + z. Suppose -4*c + 93 = -f. List the prime factors of c.
5, 17
Suppose 13547 + 3981 = 4*q. List the prime factors of q.
2, 7, 313
Let t = -19 - -26. Suppose -4*p = -19 + t. Suppose -p*l = -8*l + 580. List the prime factors of l.
2, 29
Suppose -4*g + 331 - 47 = 0. Let b = 15 - g. Let f = b - -116. List the prime factors of f.
2, 3, 5
Let k(v) = -126*v - 41. Suppose 0 = -11*q - 68 + 24. List the prime factors of k(q).
463
Let h = 340 + -336. Suppose -3*p + 865 = -4*x - 681, -h*p + 4*x + 2064 = 0. List the prime factors of p.
2, 7, 37
Let g be 99730/(-250) + ((-24)/75)/4. Let y = g - -905. List the prime factors of y.
2, 11, 23
Let g(o) = -o**3 + o + 180. Let x be g(0). Let k = 325 + x. What are the prime factors of k?
5, 101
Suppose -9*b + 10*b = 3. Suppose q + 7 = -b*k, -1 = -2*q - 2*k - k. Suppose 23*w - q*w - 1515 = 0. List the prime factors of w.
101
Let t(d) = d**3 - 24*d**2 - 42*d + 20. Let f be t(26). Suppose 2*p - w = 389 + f, -p = -4*w - 324. What are the prime factors of p?
2, 3, 7
List the prime factors of (-426)/4*-19*(-120)/(-36).
5, 19, 71
Let s = -51 - -78. Let q(l) = -11 - 10 - s*l + 7*l + 5. List the prime factors of q(-5).
2, 3, 7
Let m(z) = z - 21. Let p be m(24). Suppose 6*s - p*s = 54. List the prime factors of s.
2, 3
Let p = 35 + -30. Let v be (-598)/10 - 1/p. What are the prime factors of (288/v)/((-1)/5)?
2, 3
Suppose g = -4*j + 11, 0*g + 3*j + 9 = 5*g. Suppose 4*b = -g*u + 50, 40 = 5*u - 2*b - 26. List the prime factors of u.
2, 7
Suppose 76*o - 45*o - 91258 = 172645. List the prime factors of o.
8513
Let k = -30518 - -54518. What are the prime factors of k?
2, 3, 5
Let m = -9903 - -9906. Suppose 0 = k - 2*g - 230, -2*k - 4*g + 455 = -9*g. Suppose -3*u - m*u + k = 0. List the prime factors of u.
2, 5
Let m be ((-7)/3)/(4/(-12)). Let y(a) = -a**3 + 10*a**2 - 8*a. Let z be y(m). Suppose u = -2*o + z, -3*o + 226 = 4*u - 123. What are the prime factors of u?
5, 17
Let y be (-8 - (-4 - 3))*3/1. List the prime factors of 49740/110 - ((-18)/33)/y.
2, 113
Suppose 0 = -9*a + 1809 + 16956. What are the prime factors of a?
3, 5, 139
Let x(c) = c**2 - 2*c - 63. Let q be x(9). Suppose 5*a - 436 - 669 = q. List the prime factors of a.
13, 17
What are the prime factors of (-3 + 20178/4)/(((-330)/(-20))/11)?
3361
What are the prime factors of 152/(-133)*(-614586)/12?
2, 14633
Suppose -4*a + 3 = o, -o - 2*a = 3*a - 5. Let j(r) = r**2 + 5*r. Let z be j(o). Suppose -b + 7*b - 588 = z. What are the pri